NOAA-Style Climate Reports
Select a Year or Month report
2024: Jan Feb Mar Apr May Jun Jul Aug Sep Oct Nov Dec
2023: Jan Feb Mar Apr May Jun Jul Aug Sep Oct Nov Dec
2022: Jan Feb Mar Apr May Jun Jul Aug Sep Oct Nov Dec
2021: Jan Feb Mar Apr May Jun Jul Aug Sep Oct Nov Dec
2020: Jan Feb Mar Apr May Jun Jul Aug Sep Oct Nov Dec
2024: Jan Feb Mar Apr May Jun Jul Aug Sep Oct Nov Dec
2023: Jan Feb Mar Apr May Jun Jul Aug Sep Oct Nov Dec
2022: Jan Feb Mar Apr May Jun Jul Aug Sep Oct Nov Dec
2021: Jan Feb Mar Apr May Jun Jul Aug Sep Oct Nov Dec
2020: Jan Feb Mar Apr May Jun Jul Aug Sep Oct Nov Dec
Report for 2024 April
Daily noaa report MONTHLY CLIMATOLOGICAL SUMMARY for APR. 2024 NAME: CamWX CITY: Camarillo STATE: California ELEV: 0 LAT: 034:14:40 LONG: 0119:02:03 TEMPERATURE ( °F), RAIN (in.), WIND SPEED (mph) HEAT COOL AVG MEAN DEG DEG WIND DOM DAY TEMP HIGH TIME LOW TIME DAYS DAYS RAIN SPEED HIGH TIME DIR -------------------------------------------------------------------------------------------------------- 01 59.3 076.3 13:41 49.2 06:59 05.6 00.0 00.00 03.4 23.0 15:56 SSW 02 59.7 069.6 11:54 47.0 05:18 05.3 00.0 00.00 03.0 17.3 13:33 SW 03 58.8 069.2 13:01 49.9 04:55 06.1 00.0 00.00 02.7 17.3 16:39 SW 04 54.1 061.3 10:06 47.0 23:30 10.9 00.0 00.00 04.6 25.3 15:48 WSW 05 49.0 056.0 14:23 42.1 04:13 15.9 00.0 00.11 05.7 32.2 16:52 WSW 06 51.6 063.9 11:47 40.5 06:51 13.4 00.0 00.00 03.4 18.4 13:49 SSW 07 54.1 063.9 11:45 44.9 07:18 10.9 00.0 00.00 02.6 17.3 13:43 SSW 08 57.3 070.5 15:05 44.5 06:34 07.7 00.0 00.00 03.3 19.6 16:38 WSW 09 66.9 085.4 13:32 51.1 02:58 00.0 01.9 00.00 05.0 23.0 16:24 ENE 10 64.6 076.3 13:00 52.5 05:59 00.4 00.0 00.00 02.7 14.9 13:19 SW 11 59.4 071.4 15:55 48.2 06:54 05.5 00.0 00.00 02.5 16.1 13:27 SW 12 57.3 065.3 15:37 52.1 06:30 07.7 00.0 00.00 02.9 14.9 14:23 SE 13 54.4 061.0 10:32 43.2 00:00 10.6 00.0 00.23 03.3 27.6 16:20 E 14 51.5 062.1 10:24 43.2 00:10 13.5 00.0 00.38 03.0 19.6 16:59 SSW 15 56.2 067.3 15:56 45.6 06:44 08.8 00.0 00.00 02.8 14.9 14:09 SW 16 61.6 074.2 14:23 47.8 06:42 03.3 00.0 00.00 02.7 19.6 14:30 SW 17 59.6 070.8 11:12 51.5 04:45 05.4 00.0 00.00 02.6 17.3 15:36 SW 18 58.9 068.2 15:28 53.7 07:43 06.0 00.0 00.00 03.2 18.4 12:11 SW 19 56.9 061.2 15:44 54.9 06:13 08.0 00.0 00.00 02.3 13.8 15:59 WSW 20 57.0 064.3 14:06 51.8 03:10 07.9 00.0 00.00 01.7 13.8 15:06 WSW 21 57.9 069.5 15:11 52.3 02:23 07.0 00.0 00.00 02.0 13.8 15:25 SW 22 57.3 063.0 14:28 54.8 00:00 07.7 00.0 00.00 02.6 13.8 15:21 WSW 23 57.4 066.1 14:52 51.2 00:00 07.5 00.0 00.00 03.3 14.9 18:00 WSW 24 57.1 066.8 12:12 49.4 06:16 07.8 00.0 00.00 03.6 19.6 18:39 SW 25 58.5 067.0 15:01 53.1 23:59 06.4 00.0 00.00 02.5 18.4 14:59 SSW 26 58.3 069.2 13:56 49.6 06:24 06.7 00.0 00.00 03.9 26.4 16:44 WSW 27 59.2 071.6 16:40 48.0 06:16 05.7 00.0 00.00 02.8 18.4 13:45 SW -------------------------------------------------------------------------------------------------------- 57.6 (58.3) 85.4 day 09 40.5 day 06 201.4 001.9 00.72 03.1 32.2 day 05 SW Min < 86: 27 Max Rain: 0.38 ON 14-04-24 Days of Rain: 3 (> .008in) 3 (> .08in) 0 (> 0.8in)